{"id":20895,"date":"2018-08-13T10:37:43","date_gmt":"2018-08-13T10:37:43","guid":{"rendered":"https:\/\/test.sanders.it\/?page_id=20895"},"modified":"2022-11-25T12:53:02","modified_gmt":"2022-11-25T11:53:02","slug":"caduta-capelli","status":"publish","type":"page","link":"https:\/\/test.sanders.it\/?page_id=20895","title":{"rendered":"La Calvizie"},"content":{"rendered":"","protected":false},"excerpt":{"rendered":"","protected":false},"author":1,"featured_media":33737,"parent":0,"menu_order":106,"comment_status":"closed","ping_status":"closed","template":"template-page-builder.php","meta":{"footnotes":""},"class_list":["post-20895","page","type-page","status-publish","has-post-thumbnail","hentry"],"acf":[],"yoast_head":"<!-- This site is optimized with the Yoast SEO plugin v18.1 - https:\/\/yoast.com\/wordpress\/plugins\/seo\/ -->\n<title>Caduta dei capelli e calvizie: cause, tipologie e rimedi<\/title>\n<meta name=\"description\" content=\"La caduta di capelli \u00e8 la pi\u00f9 comune problematica dei capelli: interessa pi\u00f9 del 70% degli uomini e il 40% delle donne. Scopri tutte le cause e i rimedi\" \/>\n<meta name=\"robots\" content=\"noindex, follow, max-snippet:-1, max-image-preview:large, max-video-preview:-1\" \/>\n<meta property=\"og:locale\" content=\"it_IT\" \/>\n<meta property=\"og:type\" content=\"article\" \/>\n<meta property=\"og:title\" content=\"Caduta dei capelli e calvizie: cause, tipologie e rimedi\" \/>\n<meta property=\"og:description\" content=\"La caduta di capelli \u00e8 la pi\u00f9 comune problematica dei capelli: interessa pi\u00f9 del 70% degli uomini e il 40% delle donne. Scopri tutte le cause e i rimedi\" \/>\n<meta property=\"og:url\" content=\"https:\/\/test.sanders.it\/?page_id=20895\" \/>\n<meta property=\"og:site_name\" content=\"Istituto Helvetico Sanders\" \/>\n<meta property=\"article:modified_time\" content=\"2022-11-25T11:53:02+00:00\" \/>\n<meta property=\"og:image\" content=\"https:\/\/test.sanders.it\/wp-content\/uploads\/2022\/09\/Calvizie.png\" \/>\n\t<meta property=\"og:image:width\" content=\"1600\" \/>\n\t<meta property=\"og:image:height\" content=\"600\" \/>\n\t<meta property=\"og:image:type\" content=\"image\/png\" \/>\n<meta name=\"twitter:card\" content=\"summary_large_image\" \/>\n<script type=\"application\/ld+json\" class=\"yoast-schema-graph\">{\"@context\":\"https:\/\/schema.org\",\"@graph\":[{\"@type\":\"WebSite\",\"@id\":\"https:\/\/test.sanders.it\/#website\",\"url\":\"https:\/\/test.sanders.it\/\",\"name\":\"Istituto Helvetico Sanders\",\"description\":\"\",\"potentialAction\":[{\"@type\":\"SearchAction\",\"target\":{\"@type\":\"EntryPoint\",\"urlTemplate\":\"https:\/\/test.sanders.it\/?s={search_term_string}\"},\"query-input\":\"required name=search_term_string\"}],\"inLanguage\":\"it-IT\"},{\"@type\":\"ImageObject\",\"@id\":\"https:\/\/test.sanders.it\/?page_id=20895#primaryimage\",\"inLanguage\":\"it-IT\",\"url\":\"https:\/\/test.sanders.it\/wp-content\/uploads\/2022\/09\/Calvizie.png\",\"contentUrl\":\"https:\/\/test.sanders.it\/wp-content\/uploads\/2022\/09\/Calvizie.png\",\"width\":1600,\"height\":600},{\"@type\":\"WebPage\",\"@id\":\"https:\/\/test.sanders.it\/?page_id=20895#webpage\",\"url\":\"https:\/\/test.sanders.it\/?page_id=20895\",\"name\":\"Caduta dei capelli e calvizie: cause, tipologie e rimedi\",\"isPartOf\":{\"@id\":\"https:\/\/test.sanders.it\/#website\"},\"primaryImageOfPage\":{\"@id\":\"https:\/\/test.sanders.it\/?page_id=20895#primaryimage\"},\"datePublished\":\"2018-08-13T10:37:43+00:00\",\"dateModified\":\"2022-11-25T11:53:02+00:00\",\"description\":\"La caduta di capelli \u00e8 la pi\u00f9 comune problematica dei capelli: interessa pi\u00f9 del 70% degli uomini e il 40% delle donne. Scopri tutte le cause e i rimedi\",\"breadcrumb\":{\"@id\":\"https:\/\/test.sanders.it\/?page_id=20895#breadcrumb\"},\"inLanguage\":\"it-IT\",\"potentialAction\":[{\"@type\":\"ReadAction\",\"target\":[\"https:\/\/test.sanders.it\/?page_id=20895\"]}]},{\"@type\":\"BreadcrumbList\",\"@id\":\"https:\/\/test.sanders.it\/?page_id=20895#breadcrumb\",\"itemListElement\":[{\"@type\":\"ListItem\",\"position\":1,\"name\":\"La Calvizie\"}]}]}<\/script>\n<!-- \/ Yoast SEO plugin. -->","yoast_head_json":{"title":"Caduta dei capelli e calvizie: cause, tipologie e rimedi","description":"La caduta di capelli \u00e8 la pi\u00f9 comune problematica dei capelli: interessa pi\u00f9 del 70% degli uomini e il 40% delle donne. Scopri tutte le cause e i rimedi","robots":{"index":"noindex","follow":"follow","max-snippet":"max-snippet:-1","max-image-preview":"max-image-preview:large","max-video-preview":"max-video-preview:-1"},"og_locale":"it_IT","og_type":"article","og_title":"Caduta dei capelli e calvizie: cause, tipologie e rimedi","og_description":"La caduta di capelli \u00e8 la pi\u00f9 comune problematica dei capelli: interessa pi\u00f9 del 70% degli uomini e il 40% delle donne. Scopri tutte le cause e i rimedi","og_url":"https:\/\/test.sanders.it\/?page_id=20895","og_site_name":"Istituto Helvetico Sanders","article_modified_time":"2022-11-25T11:53:02+00:00","og_image":[{"width":1600,"height":600,"url":"https:\/\/test.sanders.it\/wp-content\/uploads\/2022\/09\/Calvizie.png","type":"image\/png"}],"twitter_card":"summary_large_image","schema":{"@context":"https:\/\/schema.org","@graph":[{"@type":"WebSite","@id":"https:\/\/test.sanders.it\/#website","url":"https:\/\/test.sanders.it\/","name":"Istituto Helvetico Sanders","description":"","potentialAction":[{"@type":"SearchAction","target":{"@type":"EntryPoint","urlTemplate":"https:\/\/test.sanders.it\/?s={search_term_string}"},"query-input":"required name=search_term_string"}],"inLanguage":"it-IT"},{"@type":"ImageObject","@id":"https:\/\/test.sanders.it\/?page_id=20895#primaryimage","inLanguage":"it-IT","url":"https:\/\/test.sanders.it\/wp-content\/uploads\/2022\/09\/Calvizie.png","contentUrl":"https:\/\/test.sanders.it\/wp-content\/uploads\/2022\/09\/Calvizie.png","width":1600,"height":600},{"@type":"WebPage","@id":"https:\/\/test.sanders.it\/?page_id=20895#webpage","url":"https:\/\/test.sanders.it\/?page_id=20895","name":"Caduta dei capelli e calvizie: cause, tipologie e rimedi","isPartOf":{"@id":"https:\/\/test.sanders.it\/#website"},"primaryImageOfPage":{"@id":"https:\/\/test.sanders.it\/?page_id=20895#primaryimage"},"datePublished":"2018-08-13T10:37:43+00:00","dateModified":"2022-11-25T11:53:02+00:00","description":"La caduta di capelli \u00e8 la pi\u00f9 comune problematica dei capelli: interessa pi\u00f9 del 70% degli uomini e il 40% delle donne. Scopri tutte le cause e i rimedi","breadcrumb":{"@id":"https:\/\/test.sanders.it\/?page_id=20895#breadcrumb"},"inLanguage":"it-IT","potentialAction":[{"@type":"ReadAction","target":["https:\/\/test.sanders.it\/?page_id=20895"]}]},{"@type":"BreadcrumbList","@id":"https:\/\/test.sanders.it\/?page_id=20895#breadcrumb","itemListElement":[{"@type":"ListItem","position":1,"name":"La Calvizie"}]}]}},"_links":{"self":[{"href":"https:\/\/test.sanders.it\/index.php?rest_route=\/wp\/v2\/pages\/20895","targetHints":{"allow":["GET"]}}],"collection":[{"href":"https:\/\/test.sanders.it\/index.php?rest_route=\/wp\/v2\/pages"}],"about":[{"href":"https:\/\/test.sanders.it\/index.php?rest_route=\/wp\/v2\/types\/page"}],"author":[{"embeddable":true,"href":"https:\/\/test.sanders.it\/index.php?rest_route=\/wp\/v2\/users\/1"}],"replies":[{"embeddable":true,"href":"https:\/\/test.sanders.it\/index.php?rest_route=%2Fwp%2Fv2%2Fcomments&post=20895"}],"version-history":[{"count":2,"href":"https:\/\/test.sanders.it\/index.php?rest_route=\/wp\/v2\/pages\/20895\/revisions"}],"predecessor-version":[{"id":33909,"href":"https:\/\/test.sanders.it\/index.php?rest_route=\/wp\/v2\/pages\/20895\/revisions\/33909"}],"wp:featuredmedia":[{"embeddable":true,"href":"https:\/\/test.sanders.it\/index.php?rest_route=\/wp\/v2\/media\/33737"}],"wp:attachment":[{"href":"https:\/\/test.sanders.it\/index.php?rest_route=%2Fwp%2Fv2%2Fmedia&parent=20895"}],"curies":[{"name":"wp","href":"https:\/\/api.w.org\/{rel}","templated":true}]}}